Let p = 7 + 15. Let s be (-2)/(-3) + p/(-6). Calculate c(s).
1
Let g(j) = 26 - 16 + 11*j + j**2 + 0. Determine g(-10).
0
Let k(i) = -i**2 - 35*i - 30. Let n be k(-34). Let x(p) = -p. Let w(g) = -g + 5*g + 5*g - 2*g. Let j(u) = -w(u) - 5*x(u). What is j(n)?
-8
Let o(p) = -3*p**3 + 3*p**2 + p - 1. Let u(m) = m**2 - 19*m + 69. Let b be u(14). Calculate o(b).
4
Let c(a) = -a + 11. Let j be -1 - 0 - (-13 - -13) - -4. Suppose -4*d + 52 = 4*n, d + j*n - 51 = -3*d. What is c(d)?
-1
Let d = 142 + -136. Let m(i) = i**2 + 7*i - 82. Calculate m(d).
-4
Let o(q) = q**2 - 5 + 4*q - 5*q**2 + 3. Let u = 111 - 109. Suppose -5*f + 6*r - 2*r - u = 0, 2*f = r + 1. What is o(f)?
-10
Let t(j) = j + 1. Let y(s) = -2*s**2 - 11*s - 12. Let n(c) = 6*t(c) + y(c). Let z(i) = -82*i + 58. Let q be z(1). Let d be 2*(6/q)/((-2)/(-16)). Calculate n(d).
-18
Let l(a) be the second derivative of a + 45 + 7/6*a**3 + 3/2*a**2. What is l(4)?
31
Let z be 11 + -20 - (0 - 12). Let n(x) = x + 8. Let w(h) = -7. Let g(b) = 4*n(b) + 5*w(b). Determine g(z).
9
Let z(u) = -12*u - 5*u + 7 + 6*u + 3. Calculate z(4).
-34
Let w(d) = 6*d + 9. Suppose 5*h - 12*k + 85 = -17*k, -k - 77 = 5*h. Give w(h).
-81
Let s(d) = -7*d**2 + 181*d + 369. Let x be s(-2). Let w(o) = -o**2 - 19*o - 17. What is w(x)?
-59
Let y = -6 - -688. Suppose -676*p - 6 = -y*p. Let t(q) = -4*q**2 + 4*q + 7. Let n(d) = 4*d**2 - 3*d - 6. Let x(h) = -6*n(h) - 5*t(h). Give x(p).
-5
Let q(g) = 8*g**3 - g - 1. Let c be -1*1/(3 + 1465/(-490)) + -1. Let j be -101 + (1 + 0)/1. Let u = j - c. Give q(u).
-8
Let r(o) be the second derivative of 3/2*o**3 + 4*o**2 + 53*o + 1/12*o**4 + 0. What is r(-7)?
-6
Let s(k) be the first derivative of k**6/360 - k**5/30 + 5*k**4/24 - 17*k**3/3 - k**2 + 88. Let x(u) be the third derivative of s(u). Calculate x(4).
5
Let h(k) = k**2 - 13*k + 23. Let f be 21/(-9)*(2 - (3 + -5 - -7)). Calculate h(f).
-19
Suppose z + 5*b + 3 = -2, 41 = -4*z + b. Let f(a) = 8*a + 3. Determine f(z).
-77
Let i(o) be the first derivative of -o**4/4 + o**3/3 - o**2 + 2*o + 29. Let x(d) = -2*d**2 - 23*d + 72. Let s be x(-14). Determine i(s).
-6
Let j(o) = -o**3 - 6*o**2 - 7*o - 13. Suppose 24 - 27 = 12*q + 81. Give j(q).
85
Suppose -z - 2*t + 2 = 1, -2*z + 4*t - 22 = 0. Let r(n) = -245*n + 1. Let h(m) = 184*m. Let j(v) = 4*h(v) + 3*r(v). What is j(z)?
-2
Let r(z) = 87*z - 59. Let b(o) = 45*o - 32. Let w(y) = 7*b(y) - 4*r(y). What is w(1)?
-21
Suppose 171*s - 11*s = -78*s - 2618. Let v(x) = -x**2 - 6*x + 56. Calculate v(s).
1
Let l(d) = 16*d - 26. Let q(g) = -13*g + 24. Let r(m) = 4*l(m) + 5*q(m). What is r(4)?
12
Let n = -6093 + 6096. Let x(k) = -5*k - 4. What is x(n)?
-19
Let x = 350 + -347. Let t(o) = 9*o + 2. Let f(j) = -8*j - 1. Let r(n) = -4*f(n) - 3*t(n). What is r(x)?
13
Let u = 354 - 347. Let s(p) = u*p + 42 - 4*p**2 - 9*p - 41. Determine s(2).
-19
Let v(m) = 5*m**2 + 12 + 6 + 18 - 51614*m + 51650*m. Calculate v(-1).
5
Let f(n) = -n**3 - 30*n**2 + 3*n + 93. Let l be f(-30). Let g(a) = 4*a - l*a + 9 + 8 - 10. What is g(-9)?
-2
Let r be 6/(-18) + (-2)/(-6). Let p = 2 - r. Let b(m) be the first derivative of m**2 + m + 1066. What is b(p)?
5
Let c(f) be the first derivative of f**2/2 - f + 1. Suppose 16*s + 44 + 42 = 22. Determine c(s).
-5
Suppose z + 37 - 47 = 0. Let d(w) = -z*w**2 + 5*w**2 - w**3 - 3*w - 2*w**2 + 7. Let b = 2 - 8. Determine d(b).
-11
Let o(x) = -3*x + 2. Let k be -194 + 3/(-2) + 1/(-2). Let v = -194 - k. Calculate o(v).
-4
Let t(o) = -11 + 2*o + 8 - 272*o**2 + 272*o**2 + 2 - 35*o**3. What is t(1)?
-34
Suppose 0*z = -z - 3*x, -2*x = 4*z. Let v be 6 - z - (3 + -1). Suppose -v*o = -4*p + 24, 0 = o - 5*o + 4. Let q(t) = t - 9. Determine q(p).
-2
Let s(p) = p**2 - 8*p + 9. Let j be s(6). Let q(b) be the first derivative of -40 + 0*b**2 - 1/3*b**3 - 4*b. Calculate q(j).
-13
Let i(o) = -3*o**2 - 24*o - 5. Let j = 332 - 340. Let r be i(j). Let w(f) = -1 + 3 - f + 0. Determine w(r).
7
Let u(i) = -2 + 653*i**2 - 327*i**2 - 329*i**2 - i. Let x = 10 + -8. Suppose 0 = 2*h - x - 2. Give u(h).
-16
Let y(t) = -69*t - 3. Let x(i) = -155*i - 5. Let f(k) = 4*x(k) - 9*y(k). What is f(-7)?
0
Let r(u) be the second derivative of -13*u**3/6 + 136*u**2 + 583*u + 2. What is r(21)?
-1
Suppose -3*y - 484 = -4*z - 481, z - 3 = 3*y. Let k(p) be the third derivative of -25*p**2 + 0*p + z + 1/60*p**5 + 1/8*p**4 - 1/2*p**3. Give k(-4).
1
Let m(v) = -v**2 - 8*v + 13. Let f = 752 + -1387. Let j = f - -625. Determine m(j).
-7
Let l be 7/35 + (-48)/(-10). Let o(g) = -9*g + 13. Let y(i) = 5*i - 7. Let m(f) = f**2 - 14*f + 45. Let t be m(7). Let d(v) = t*o(v) - 7*y(v). What is d(l)?
2
Let f(m) = -m**2 + m. Let v(g) = -g**2 + 11*g - 1. Let d be (-22)/10*10*(-6)/12. Let w be v(d). Determine f(w).
-2
Let o(z) = -69*z - 4. Let c(r) = 55*r + 3. Let p(v) = -5*c(v) - 4*o(v). Let s = -16 - -15. What is p(s)?
0
Let v be -6 + 5*306/(-270) + 2/(-6). Let t(o) = 2*o**2 + 32*o + 101. Calculate t(v).
5
Let r(z) = -3*z. Suppose 2*v + 65*g - 61*g - 2 = 0, 0 = -v + 4*g - 5. Let b(c) = 2*c**2 - 2*c - 3. Let p(f) = v*b(f) + 4*r(f). Determine p(-5).
3
Let h(c) = 2*c - 10. Suppose 3*s - 5 = -o + 2*s, 0 = -3*o - 5*s + 19. Let w(b) = 3*b - 11. Let r(p) = o*w(p) - 4*h(p). Give r(-13).
-6
Let r(b) = b**3 + b**2 - 1. Suppose -2*q + 5*q = f + 163, -4*f = 5*q - 300. Let d = -50 + q. Suppose -4*i - 16 = 3*j, d*j + 12 = j - 3*i. What is r(j)?
-1
Suppose 5*i - 3*c = c - 6, 4*i - 4*c = -8. Suppose -2*r = -4*u + 8, 13 = 3*r - i*u + u. Let w(y) = -3*y + 0*y + y**2 + r + 6*y. Calculate w(-6).
24
Let q(m) = -m - 10. Let n(a) = a**3 + 4*a**2 - a + 3. Let b = -1 - 3. Let g be n(b). Suppose g*p = -0*p. Give q(p).
-10
Let f(w) = 3*w**3 + 236*w**2 + 155*w - 86. Let z be f(-78). Let c(u) = 22*u + 168. Give c(z).
-8
Let u(y) = 119*y - 7. Let a(z) = 262*z - 16. Let s(f) = 5*a(f) - 11*u(f). Let d = -1 - -1. Calculate s(d).
-3
Let v(l) be the second derivative of l**5/30 - l**4/8 - 50*l**3/3 + 68*l. Let m(d) be the second derivative of v(d). Give m(-7).
-31
Let n(s) = 22*s - 622. Let c be n(28). Let j(d) = -2*d**2 - d + 2. What is j(c)?
-64
Suppose 4*k - 2*n = 36, 2*k + 9*n - 6 = 4*n. Let y(f) = -234 - 9*f**2 + f**3 + 445 + 7*f + 3*f - 231. What is y(k)?
-4
Let j(y) be the third derivative of -y**6/120 + y**5/6 + 3*y**4/8 + 11*y**3/6 - 6*y**2 - 6439*y. Suppose -58 = -5*w - 3*p, -5*w + 56 = -p + 2*p. Determine j(w).
-11
Let i(o) = -o**2 + 5*o - 4. Let z be i(4). Suppose -9*h + z*h = -27. Let c(g) be the first derivative of g**4/4 - 2*g**3/3 + 2*g**2 - g - 28. Give c(h).
20
Let f(s) = s**3 - 8*s**2 - 21*s - 3. Let z(g) = -168*g - 2174. Let a be z(-13). What is f(a)?
-13
Let q be -1*((-7)/(-2))/((-5)/10). Let t be (18/(-3) + q)/(1/(-6)). Let k(y) be the first derivative of y**3/3 + 5*y**2 + 5*y + 4. Determine k(t).
-19
Let l(h) = h**3 - 7*h**2 + 9*h + 5. Suppose -628*k + 675 = -493*k. Calculate l(k).
0
Let r(k) = 8*k**2 + 13*k + 3. Let x be r(-5). Let w = x - 134. Let p(a) = a**3 - 3*a**2 - a - 4. What is p(w)?
8
Let w(g) be the second derivative of 8*g**3/3 - 757*g**2/2 - 2*g + 2495. Calculate w(47).
-5
Let i(s) = -s + 2. Let v be i(0). Let l(d) = 31*d**2 - 3*d - 41*d**2 + 5*d - 13 + d. Let c(y) = 7*y**2 - 2*y + 9. Let w(b) = 7*c(b) + 5*l(b). Calculate w(v).
-4
Let s(k) = -13*k**2 - 16*k - 15. Let n = -1092 + 1091. What is s(n)?
-12
Let n be ((-16)/56)/(7/343). Let a(t) = -t**2 - 18*t - 5. Give a(n).
51
Let n(v) = 7*v**2 - 6*v + 45. Let s = 44702 + -44698. Determine n(s).
133
Let p be -58 - (-3 + 7 + 0). Let z = p - -64. Suppose 3*c + z*k = 9, -4*c + 4*k + 7 = -5*c. Let n(f) = f - 3. Determine n(c).
2
Let n(r) = 2 + 10 - 3 + 3*r**3 + 28*r**2 + 5*r + 5. Let a(c) = 2*c**3 + 13*c**2 + 3*c + 8. Let p(u) = -5*a(u) + 3*n(u). What is p(19)?
2
Let o(n) = 2*n**2 + 18*n + 4. Suppose -5*b = -5*g - 40, -10*b + 7*b + 24 = -6*g. What is o(g)?
4
Let s = 6662 - 6644. Let j(h) = -h**3 + 17*h**2 + 19*h - 27. Give j(s).
-9
Let d(u) be the third derivative of u**5/24 + u**4/8 - 26*u**3/3 - 62*u**2. Let r(k) be the first derivative of d(k). Calculate r(-3).
-12
Let n be ((-2)/4)/((-3)/(-36)). Let u be 8/((-32)/(-20)) - -7. Let j(k) = -3*k + 5*k**2 + k + k**3 - 17 + u + 13. Calculate j(n).
-16
Let d be (8 + -10)/((-1)/15). Let r(z) = -71*z + 40*z + 3*z**2 + d*z. Give r(2).
10
Let b = 41 - 31. Let m(f) = -58*f +